
0
Let u(p) = 878*p + 1753. Determine u(-2).
-3
Let n(c) = 26*c - 36. Give n(4).
68
Let y(i) = -27*i**2 - 324*i - 96. Calculate y(-12).
-96
Let l(a) = -a**3 + 99*a**2 - 2294*a - 1. What is l(37)?
-1
Let u(r) = -2*r**2 + 102*r + 209. What is u(50)?
309
Let a(r) = -r**3 + 14*r**2 - 84*r + 326. Calculate a(9).
-25
Let m(v) = v**2 + 3*v - 1650. Calculate m(-42).
-12
Let t(k) = k**2 - 3355*k - 84487. Calculate t(-25).
13
Let c(n) = -8*n**2 + 44*n + 44. Calculate c(4).
92
Let p(k) = -3*k**3 + 243*k**2 - 236*k - 343. Give p(80).
-23
Let k(u) = -9*u + 568. Give k(62).
10
Let l(o) = -12*o**2 + 161*o - 213. Calculate l(12).
-9
Let j(k) = k**3 - 98*k**2 - 406*k - 200. Determine j(102).
4
Let b(g) = -38*g**2 - 131*g - 55. What is b(-3)?
-4
Let f(g) = 5*g**2 + 87*g + 7. What is f(-15)?
-173
Let x(l) = 2*l**3 - 52*l**2 - 53*l - 64. Calculate x(27).
-37
Let z(b) = -b**2 - 41*b - 97. Determine z(-43).
-183
Let g(l) = -72*l + 1359. Determine g(19).
-9
Let l(z) = 62263*z - 124529. What is l(2)?
-3
Let h(f) = -f**3 + 35*f**2 - 3*f + 59. Give h(35).
-46
Let z(t) = t**2 - 52*t + 1. Determine z(52).
1
Let b(l) = 2*l**3 + 222*l**2 - 228*l - 339. Give b(-112).
109
Let m(j) = -8*j - 2. Calculate m(-28).
222
Let z(d) = -d**3 + 14*d**2 - 45*d - 146. Give z(8).
-122
Let f(s) = -18*s - 114. Determine f(-14).
138
Let i(s) = s + 74. What is i(-86)?
-12
Let m(o) = -o**3 - 13*o**2 + 26*o - 1. What is m(-11)?
-529
Let h(g) = -7*g**3 + 777*g**2 - 769*g - 110. What is h(110)?
0
Let f(l) = 27*l + 402. What is f(-18)?
-84
Let b(j) = -583*j - 5243. What is b(-9)?
4
Let q(f) = -9*f - 329. Calculate q(-36).
-5
Let n(c) = -c**3 + 6*c**2 + 10*c - 39. What is n(7)?
-18
Let w(b) = 3688*b + 62699. Give w(-17).
3
Let g(z) = -z**3 + 35*z**2 + 36*z - 166. Determine g(36).
-166
Let r(b) = 317*b**2 + 4*b - 4. Determine r(1).
317
Let g(s) = s**2 + 1373*s - 142582. Give g(97).
8
Let o(r) = 2*r**3 + 6*r**2 - 177*r - 1113. Give o(-6).
-267
Let i(l) = -64*l + 1050. Calculate i(16).
26
Let l(h) = -h**2 + 82*h - 1602. What is l(46)?
54
Let k(c) = c**3 + 32*c**2 - 30*c + 77. What is k(-33)?
-22
Let q(p) = -222*p + 28. Determine q(-1).
250
Let g(f) = -3*f**2 + 40*f - 25. What is g(11)?
52
Let b(p) = 377*p - 1503. Calculate b(4).
5
Let v(j) = -j**3 - 13*j**2 - j - 12. Calculate v(-13).
1
Let p(x) = x**3 + 11*x**2 + 20*x + 21. What is p(-9)?
3
Let u(h) = 56*h**3 + 3*h**2 - 5*h - 7. Calculate u(-1).
-55
Let c(a) = -4*a**3 + 11*a**2 + 11*a - 20. Give c(3).
4
Let d(s) = -24*s**3 + 7*s**2 - 21*s + 49. Calculate d(2).
-157
Let g(f) = -3*f**2 + 148*f - 1090. What is g(7)?
-201
Let j(l) = -2*l**3 - 4*l**2 - 6*l + 36. What is j(4)?
-180
Let w(d) = -d**3 - 2*d**2 + 117*d - 51. What is w(-12)?
-15
Let l(w) = -86*w - 1294. Calculate l(-15).
-4
Let c(i) = i**3 + 8*i**2 + 27*i + 240. What is c(-8)?
24
Let r(b) = 14*b**3 + 126*b**2 + 9*b + 19. What is r(-9)?
-62
Let y(r) = 2*r**2 + 114*r + 216. Determine y(-55).
-4
Let q(n) = -51*n**2 + 71*n + 321. What is q(-2)?
-25
Let y(l) = -279*l + 9199. Give y(33).
-8
Let o(v) = 32*v + 35. What is o(0)?
35
Let r(j) = 4*j**2 + 51*j + 233. Give r(-5).
78
Let m(g) = 35*g**3 + g**2 - g. Calculate m(-1).
-33
Let x(a) = a**2 - 12*a - 47. Calculate x(9).
-74
Let m(f) = -6*f + 356. Calculate m(52).
44
Let i(y) = y**3 - 14*y + 20. Give i(2).
0
Let r(k) = -k**3 + 51*k**2 - 2*k - 4691. Give r(49).
13
Let f(m) = 23*m + 2. What is f(1)?
25
Let z(k) = 11*k**2 - 748*k + 1499. Give z(2).
47
Let o(n) = -n**2 - 621*n + 3713. Determine o(6).
-49
Let x(c) = -11*c - 21. What is x(-13)?
122
Let h(y) = -y**3 - 47*y**2 - y - 45. Calculate h(-47).
2
Let v(y) = -y**3 - 15*y**2 + 10*y + 151. Calculate v(-15).
1
Let c(l) = 6*l**3 - 37*l**2 + 15. Determine c(6).
-21
Let n(m) = -3*m**2 - 35*m + 99. Determine n(3).
-33
Let a(n) = 16*n**3 + 2*n**2 - 6*n + 3. Calculate a(1).
15
Let v(q) = -q**2 - 28*q - 98. Determine v(-5).
17
Let y(s) = 2*s**3 - s**2 - 30*s + 17. Give y(-7).
-508
Let d(v) = 8272*v + 33092. Give d(-4).
4
Let l(p) = 56*p**3 - p**2 + 6*p - 6. Give l(1).
55
Let f(n) = 22*n + 140. Give f(-10).
-80
Let q(s) = -666*s - 13307. Calculate q(-20).
13
Let g(u) = 13*u**3 + 688*u**2 - 50*u + 95. What is g(-53)?
-64
Let v(y) = -2*y - 23. What is v(-8)?
-7
Let q(n) = -n**3 - 11*n**2 - 27*n + 11. Calculate q(-5).
-4
Let j(n) = -n**2 + 39*n - 174. Determine j(8).
74
Let j(d) = d**3 + 108*d**2 + 104*d - 314. What is j(-107)?
7
Let c(u) = -u**3 - 10*u**2 + 21*u - 4. Calculate c(-12).
32
Let g(m) = 2*m**3 - 19*m**2 - 7*m - 34. Determine g(10).
-4
Let k(r) = -22*r**2 - 942*r + 9. Calculate k(-43).
-163
Let l(g) = 120*g**2 - 601*g + 8. Determine l(5).
3
Let p(w) = -2*w**3 - 27*w**2 - 14*w - 25. Determine p(-13).
-12
Let v(f) = f**2 + 22*f - 1263. Determine v(26).
-15
Let p(j) = 296*j + 1796. Determine p(-6).
20
Let m(z) = z**3 - 46*z**2 + 480*z - 21. What is m(16)?
-21
Let q(z) = -z**3 - 10*z**2 + 122*z + 36. Calculate q(-18).
432
Let k(j) = -5*j**2 + 47*j - 11. What is k(10)?
-41
Let o(c) = 16*c + 2253. Calculate o(-140).
13
Let i(a) = 2*a**3 + a**2 - 24*a - 20. Calculate i(0).
-20
Let r(w) = 3*w + 86. What is r(10)?
116
Let b(d) = -23*d**2 + 1062*d - 186. What is b(46)?
-2
Let u(q) = -9*q**3 - q - 100. What is u(0)?
-100
Let f(y) = 5*y**2 - 97*y + 219. Determine f(17).
15
Let r(v) = 2*v**2 - 823*v + 1643. Give r(2).
5
Let s(m) = m**2 + 28*m - 730. Give s(-44).
-26
Let x(n) = -38*n + 863. Give x(24).
-49
Let a(q) = 1001*q + 1008. Determine a(-1).
7
Let f(u) = 2*u**2 - 2*u - 629. Calculate f(-18).
55
Let b(n) = -2*n**3 + 21*n**2 - 34*n + 70. Calculate b(9).
7
Let j(m) = -2*m**2 - 16*m + 157. Give j(6).
-11
Let o(z) = -z**2 - 218*z - 3584. Give o(-18).
16
Let s(w) = 2*w**3 - 16*w**2 + 4*w + 57. Determine s(6).
-63
Let f(w) = 19*w - 74. Give f(0).
-74
Let g(t) = 2*t**2 + 64*t + 358. What is g(-24)?
-26
Let q(m) = m**3 - 62*m**2 + 65*m - 244. What is q(61)?
0
Let l(i) = -60*i + 326. What is l(5)?
26
Let c(y) = y**3 + 31*y**2 - 103*y + 13. Calculate c(-34).
47
Let w(v) = 14*v**3 - 3*v**2 + 25*v - 76. Calculate w(3).
350
Let d(k) = -27*k - 135. Calculate d(-3).
-54
Let i(c) = 167*c**2 - 4507*c - 61. Calculate i(27).
-7
Let r(a) = a**2 + 176*a + 7445. Give r(-74).
-103
Let d(b) = b**3 - 122*b**2 - 634*b - 351. Calculate d(127).
-224
Let h(a) = a**3 - 12*a**2 + 23*a. Calculate h(5).
-60
Let b(z) = -4*z**2 + 167*z + 601. Give b(45).
16
Let b(k) = -k**2 - 174*k - 1486. Calculate b(-9).
-1
Let p(b) = 475*b - 41. Calculate p(1).
434
Let h(v) = v**3 - 172*v**2 + 1322*v - 1634. Calculate h(164).
6
Let f(g) = -g**3 + 50*g**2 + 50*g + 2721. Give f(52).
-87
Let s(h) = -h**3 + 4*h**2 + 9*h - 55. Calculate s(0).
-55
Let q(i) = 8*i + 108. What is q(-12)?
12
Let u(z) = 6*z**2 - 32*z - 68. What is u(-2)?
20
Let r(m) = 61*m**2 - 25*m - 6. Calculate r(-3).
618
Let g(y) = -y**2 - 42*y - 8. Give g(-14).
384
Let c(o) = -3*o**3 + 585*o**2 - 4*o + 783. What is c(195)?
3
Let c(h) = -h**3 + 8*h**2 - 13*h + 14. What is c(3)?
20
Let o(j) = 214*j**2 + 12636*j + 582. Determine o(-59).
-8
Let g(p) = -91*p - 664. Determine g(-7).
-27
Let o(c) = -4*c**3 + 13*c**2 - 9*c + 17. Determine o(6).
-433
Let n(w) = 20*w**2 - 156*w - 25. What is n(8)?
7
Let k(m) = -32*m + 2262. What is k(75)?
-138
Let k(b) = b**3 + 7*b**2 + 8*b - 46. Determine k(-5).
-36
Let c(j) = -j**3 + 82*j**2 - 388*j + 224. Determine c(77).
-7
Let y(x) = 69*x - 685. What is y(10)?
5
Let v(a) = -30*a**3 + a**2 - 7*a + 6. Calculate v(1).
-30
Let o(l) = -l**3 + 28*l**2 + 534*l - 48. Determine o(41).
-7
Let y(q) = 34*q - 234. Give y(6).
-30
Let u(s) = -55*s - 37. What is u(-4)?
183
Let d(n) = 31*n**3 + 5*n**2 - 148*n - 150. Calculate d(-1).
-28
Let u(r) = 529*r + 3122. Determine u(-6).
-52
Let a(t) = -204*t**2 + 1432*t - 12. Calculate a(7).
16
Let g(t) = -t**3 + 21*t**2 - 21*t - 17. What is g(20)?
-37
Let s(j) = -8*j + 147. Calculate s(22).
-29
Let w(y) = -16*y**3 + 3*y**2 + 8*y. What is w(-2)?
124
Let y(v) = v**3 + 20*v**2 + 2051*v + 33994. Give y(-17).
-6
Let z(b) = 18*b**3 + 3*b**2 - 120*b - 122. Give z(-1).
-17
Let n(k) = -44*k**2 + k + 6. What is n(0)?
6
Let t(n) = -4*n**2 - 56*n + 67. What is t(-15)?
7
Let w(p) = 4*p + 72. Give w(-20).
-8
Let d(l) = 147*l + 1649. Give d(-11).
32
Let s(l) = 44*l - 1019. Give s(27).
169
Let c(d) = 45*d - 2496. Give c(55).
-21
Let c(k) = 5*k**2 + 264*k 